Let b(f) = -31*f - 7. Let a be b(-1). Calculate the highest common factor of 3 and a.
3
Let h(a) = 4*a**2 - 8*a - 8. Let j be h(6). Calculate the highest common factor of 44 and j.
44
Let l be 6 - (6 + (-4 - -2)). What is the greatest common factor of 3 and l?
1
Suppose -i + 15 = 4*i. Let r be -2 + ((-888)/(-2))/i. Suppose -76 = -y + 5*a - 3*a, -2*a - r = -2*y. Calculate the highest common factor of 28 and y.
14
Let g be 1 + -2 + 4 + 689. Suppose -4*w + g = 4*u, -5*w + 0*u = -u - 877. Calculate the greatest common factor of w and 25.
25
Let r(y) = -6*y - 1. Let j be r(-11). What is the greatest common factor of j and 39?
13
Suppose 2*x = -4*j + 222, 3*j - 2*x + 112 = 5*j. Suppose -980 = -5*t + j. Calculate the highest common factor of 23 and t.
23
Let o(r) = 3*r**2 - r. Let f be o(-2). Let a(p) = 3*p**2 - p + 4. Let v be a(2). What is the greatest common factor of v and f?
14
Suppose d + 3*d = 16. Suppose 3*y + d = 5*m, 2*y - 3*m = -3*y + 20. What is the greatest common factor of y and 28?
7
Let c(p) = -p + 1. Let r be c(-6). Suppose -r = -2*u + 5. Let l = 232 - 226. Calculate the greatest common divisor of u and l.
6
Suppose -3*w = 2*w - 120. What is the highest common factor of 12 and w?
12
Suppose 0 = -4*j + 8*j - 52. Let b be 162/9*(-2)/(-4). Let v(p) = -p**3 + 9*p**2 + p + 4. Let z be v(b). What is the greatest common divisor of j and z?
13
Suppose -5*x = -2*y + 10, 4*x + 2*y - 6 - 4 = 0. Suppose x = -2*n, 3*n - 5 = -v + 9. What is the highest common factor of 154 and v?
14
Let h(d) = d + 1. Let c(p) = -6*p + 1. Let g(b) = -c(b) + 5*h(b). Let k be g(4). Calculate the highest common divisor of k and 16.
16
Let g be ((-2)/3 + 0)*21. Let t be 118 + 1 - (g + 13). Calculate the highest common divisor of 15 and t.
15
Suppose 2*r + 3 = 25. What is the highest common divisor of r and 121?
11
Suppose 4*p = -m + 66 + 104, -5*m = -10. What is the greatest common factor of p and 105?
21
Suppose 8*i = 4*i + x + 858, 0 = -4*i + 5*x + 850. Let v be 8/24 + i/3. Calculate the highest common divisor of v and 12.
12
Let a be (-12)/60 - 31/(-5). Suppose h = a*h - 1045. Calculate the greatest common divisor of 19 and h.
19
Let y(u) be the first derivative of u**3/3 - 5*u**2 + 11*u - 3. Let i = 19 + -10. Let v be y(i). Calculate the greatest common divisor of v and 16.
2
Let k(z) = 23*z**2 - 1. Suppose -u - 2 = -3*u, -3*q - 3*u = -6. Suppose 3*h - 4 + q = 0. Let n be k(h). What is the highest common factor of n and 55?
11
Let y = 4 + 4. Let g be 1/(-2) + 12/y. What is the highest common divisor of g and 11?
1
Suppose 2*v + 21 = -5*m, v + 2*m + 5 = -3. Suppose -3*r - 5 = v*o, -r = -4*o + 3*r + 20. What is the highest common divisor of o and 4?
2
Let u(q) = -q**2 + q. Let a be u(0). Suppose 0 = -4*c - 3*y + 52, -4*y + a*y - 16 = 0. Calculate the greatest common factor of 40 and c.
8
Suppose -g + 0 + 2 = 0. Suppose 3*h = -h - 3*k + 1, -g*k - 30 = -5*h. Calculate the highest common factor of h and 36.
4
Let w be (6/(-6))/(2/(-6)). Calculate the highest common factor of 3 and w.
3
Suppose -3*f + 297 = -3*x, 0 = -4*f - f + 4*x + 492. What is the greatest common factor of 12 and f?
12
Let b be 6/4*4/(-2). Let r = b + 10. Let h = -4 + 5. What is the highest common factor of h and r?
1
Suppose -4*t - y = 4*y - 75, t + 2*y - 21 = 0. Calculate the greatest common divisor of t and 120.
15
Suppose j - v = 23, 4*v = -2*j - 2*j + 116. Let x be j + -2 + -2 + 2. Calculate the highest common divisor of 12 and x.
12
Suppose 10*d - 120 = 150. Let m = -27 - -45. What is the greatest common divisor of d and m?
9
Let v be (-84)/10*(0 + -10). Calculate the greatest common factor of v and 14.
14
Let v be 6*2*35/14. Calculate the highest common factor of 12 and v.
6
Let a be 852/18 - (-2)/3. Let u = 6 + -2. Suppose 3*l - 48 = -5*v, v + u - 24 = 2*l. What is the highest common divisor of a and v?
12
Let x(f) = -19*f**3 - f - 1. Let o be x(-1). Let i(y) = -4*y**3 - 42*y**2 + 10*y + 1. Let m be i(-11). Calculate the greatest common factor of o and m.
19
Suppose 16 = 4*j, h + 4*h = 4*j + 59. Suppose -y = 3 - 7. Suppose -2*k - 12 + 33 = 5*n, y*n - k = 9. What is the highest common factor of h and n?
3
Let p = 82 - -53. What is the greatest common divisor of p and 15?
15
Let m = -16 - -24. Let w(q) = 11*q**2 + 3*q + 2. Let g be w(-2). Calculate the greatest common divisor of g and m.
8
Let g = -7 + 13. Let j be (g + -3)/(3/2). What is the highest common factor of 22 and j?
2
Suppose 4*r + 3174 = 27*r. Calculate the highest common factor of 46 and r.
46
Suppose -3*w - 4 = -4*w. Suppose 0*o - 24 = -w*o. Suppose 5*f + 19 = 6*f + 4*d, -3*f + d + 5 = 0. What is the greatest common factor of o and f?
3
Suppose -2*q = -5 - 27. Suppose 0 = -2*d + 3*o - 14, 0*o = 3*o + 6. Let i = d + q. Calculate the greatest common divisor of 24 and i.
6
Suppose 4*t = -3*b + 12, -b + 3*b = 2*t - 20. Suppose 0 = -2*q + 3*q - 2. What is the highest common divisor of t and q?
2
Let a(f) be the second derivative of 5/3*f**3 + 5/2*f**2 + 0 + f. Let j be a(6). What is the greatest common divisor of j and 13?
13
Suppose 4*a - 14*a + 270 = 0. What is the highest common factor of a and 135?
27
Let l be ((-4)/6)/(2/(-45)). What is the greatest common divisor of l and 5?
5
Let c(f) = -f**3 + 10*f**2 + 11*f + 5. Let k be c(11). What is the greatest common factor of 35 and k?
5
Suppose 9*p - 7*p - 156 = 0. Calculate the greatest common divisor of p and 52.
26
Let s(f) = 3*f**2 + 4*f + 3. Let d be s(-3). What is the greatest common divisor of 2 and d?
2
Suppose -3*b + 750 = p + 2*p, -3*b + 766 = -5*p. What is the greatest common divisor of 28 and b?
28
Suppose -4 = -5*r + 11. What is the greatest common divisor of 6 and r?
3
Let y(i) = 3*i + 3. Let d be y(-2). Let z be d/(-2)*(2 + 8). Suppose c - z = 13. What is the greatest common factor of 7 and c?
7
Let l be (-4)/(-2) - (-1 - -1). Suppose 2*m = -0 - l. Let f be m/((2/(-1))/8). Calculate the highest common factor of f and 4.
4
Let u be 52 + (1 - (2 - 4)). Suppose 5*y + 0*y - u = 0. Calculate the greatest common factor of 44 and y.
11
Suppose -w - 3*w = -1080. What is the greatest common factor of 30 and w?
30
Let c(l) = -6*l - 3. Let x be c(-3). Suppose 7*m + 8 = 3*m, -2*q - 2*m + 146 = 0. Calculate the highest common divisor of x and q.
15
Let x be 0 + 229 - (-6)/3. Calculate the highest common factor of x and 21.
21
Suppose 0*m + 3*m - 4 = j, 4*m + 5*j - 18 = 0. Suppose i - m = 10. Calculate the highest common divisor of 3 and i.
3
Suppose 4*t = t - u + 1, 4*u + 20 = 0. Suppose 16 = 4*l, t*m - 2*l + 26 = 3*m. Let s = 10 - -17. Calculate the greatest common factor of s and m.
9
Suppose 26 = 4*g - 18. Let p be -3*((-89)/3 + 1). Let o = p + -31. What is the greatest common divisor of o and g?
11
Let b be (-43)/6 - 5/(-30). Let t = b - -9. Suppose d + t = 9. Calculate the greatest common factor of 7 and d.
7
Let w(l) = l - 16. Let f be w(18). What is the highest common factor of f and 22?
2
Suppose -4*r - 2038 = -4*z - z, -z + 3*r = -412. Calculate the greatest common factor of 58 and z.
58
Suppose -88 - 87 = -5*a. What is the greatest common divisor of 245 and a?
35
Suppose -4*z + 174 = -242. Suppose 0 = 3*i - 17 - 22. What is the greatest common factor of z and i?
13
Let t = -55 + 66. What is the highest common factor of 77 and t?
11
Let k = -8 - -16. What is the greatest common divisor of 4 and k?
4
Let a be -85*-2*3/6. Let l = -35 + a. Calculate the greatest common divisor of l and 20.
10
Suppose -60 = 5*z + 3*i + 2*i, 4*z - i + 28 = 0. Let c(h) = -h + 8. Let l be c(z). Calculate the highest common factor of l and 144.
16
Let x = 7 - 6. Let z = 4 + x. What is the greatest common divisor of z and 25?
5
Let p = 210 - 171. Calculate the highest common divisor of p and 65.
13
Let r(k) = -4*k**2 + 2*k + 1. Let b be r(-1). Let g be b*(392/(-5))/4. Let t be (-28)/6*3/(-1). What is the greatest common factor of t and g?
14
Let i = 204 - 114. Calculate the greatest common divisor of 10 and i.
10
Suppose -1515 - 865 = -17*d. What is the highest common factor of 20 and d?
20
Let d(z) = -2*z**3 - 12*z**2 + 9*z - 8. Let l be d(-7). Calculate the greatest common divisor of l and 9.
9
Suppose -44 - 70 = -6*a. Calculate the greatest common divisor of 57 and a.
19
Let a be (-2)/2 + 46*1.